{"id":7681,"date":"2018-03-05T09:52:49","date_gmt":"2018-03-05T09:52:49","guid":{"rendered":"http:\/\/www.comunidadcalatayud.com\/?page_id=7681"},"modified":"2018-09-12T11:50:10","modified_gmt":"2018-09-12T11:50:10","slug":"agencia-de-empleo-y-desarrollo-local","status":"publish","type":"page","link":"https:\/\/www.comunidadcalatayud.com\/index.php\/ventanilla\/agencia-de-empleo-y-desarrollo-local\/","title":{"rendered":"Agencia de Empleo y Desarrollo Local"},"content":{"rendered":"<p><strong>\u00bfQU\u00c9 ES LA AGENCIA DE EMPLEO Y DESARROLLO LOCAL?\u00a0 <a href=\"http:\/\/www.comunidadcalatayud.com\/wp-content\/uploads\/2018\/09\/0009-100418-Empleo_1-LR.pdf\"><img loading=\"lazy\" decoding=\"async\" class=\"alignnone  wp-image-7996\" src=\"http:\/\/www.comunidadcalatayud.com\/wp-content\/uploads\/2018\/09\/\u00edndice.jpeg\" alt=\"\" width=\"33\" height=\"31\" \/><\/a><br \/>\n<\/strong><\/p>\n<p>La Agencia de Empleo y Desarrollo Local es un <strong>servicio p\u00fablico y gratuito<\/strong> de la Comarca de la Comunidad de Calatayud, prestado en colaboraci\u00f3n con el Instituto Aragon\u00e9s de Empleo, que tiene como cometido apoyar e impulsar iniciativas que favorezcan el desarrollo y el crecimiento econ\u00f3mico y social de nuestro territorio.<\/p>\n<p>Tiene adem\u00e1s como objetivo, colaborar en la promoci\u00f3n e implantaci\u00f3n de las pol\u00edticas activas de empleo que faciliten la generaci\u00f3n y consolidaci\u00f3n\u00a0 del\u00a0 empleo, y as\u00ed, propiciar la\u00a0 mejora\u00a0 de la econom\u00eda y la calidad de vida de los ciudadanos de toda la Comarca.<\/p>\n<p>La Agencia de Empleo y Desarrollo local es un foro de encuentro de las distintas administraciones, instituciones, organismos, y dem\u00e1s agentes locales, cuya misi\u00f3n es generar y apoyar proyectos, y gestionar de manera eficiente, los recursos disponibles en materia de empleo y desarrollo local.<\/p>\n<p>&nbsp;<\/p>\n<p><strong>\u00bfQU\u00c9 OFRECE?<\/strong><\/p>\n<ul>\n<li>Asesoramiento a<strong> personas emprendedoras<\/strong>, enfoque del proyecto y acompa\u00f1amiento t\u00e9cnico en la iniciaci\u00f3n. Informaci\u00f3n sobre formas jur\u00eddicas, gestiones y tr\u00e1mites de constituci\u00f3n, legislaci\u00f3n espec\u00edfica, bonificaciones, b\u00fasqueda y tramitaci\u00f3n de <strong>Ayudas y Subvenciones p\u00fablicas y privadas, y formas de financiaci\u00f3n.<\/strong><\/li>\n<li>Acompa\u00f1amiento a las <strong>empresas<\/strong> en la ampliaci\u00f3n o mejora de su proyecto empresarial. Contrataci\u00f3n y selecci\u00f3n de personal, ayudas y subvenciones, permisos, formaci\u00f3n, suelo industrial. Fomento de la <strong>actividad empresarial<\/strong> en la Comarca.<\/li>\n<li>Cooperaci\u00f3n en proyectos de \u00e1mbito comarcal y local vinculados al <strong>desarrollo y la creaci\u00f3n de empleo. <\/strong>Colaboraci\u00f3n y coordinaci\u00f3n con el resto de agentes sociales en la puesta en marcha de proyectos de desarrollo territorial.<\/li>\n<li>Apoyo a los Ayuntamientos, instituciones y organismos en la creaci\u00f3n y promoci\u00f3n de <strong>proyectos de inter\u00e9s socioecon\u00f3mico<\/strong> para el territorio.<\/li>\n<li>Dinamizaci\u00f3n de los <strong>recursos tur\u00edsticos<\/strong> de la Comarca. Puesta en valor de los recursos existentes, y recuperaci\u00f3n e incorporaci\u00f3n de recursos infrautilizados del territorio. Colaboraci\u00f3n y apoyo a proyectos tur\u00edsticos locales.<\/li>\n<li>Detecci\u00f3n de <strong>necesidades formativas,<\/strong> orientando los programas a la consolidaci\u00f3n del empleo y a la mejora de inserci\u00f3n laboral.<\/li>\n<\/ul>\n<p>&nbsp;<\/p>\n<p><strong>\u00bfC\u00d3MO CONTACTO?<\/strong><\/p>\n<p>AGENCIA DE EMPLEO Y DESARROLLO LOCAL<\/p>\n<p>Comarca de la Comunidad de Calatayud<\/p>\n<p><img loading=\"lazy\" decoding=\"async\" class=\"wp-image-7765 alignright\" src=\"http:\/\/www.comunidadcalatayud.com\/wp-content\/uploads\/2018\/03\/AEDL-LOGO-AZUL-JPEG-300x300.jpg\" alt=\"\" width=\"401\" height=\"401\" srcset=\"https:\/\/www.comunidadcalatayud.com\/wp-content\/uploads\/2018\/03\/AEDL-LOGO-AZUL-JPEG-300x300.jpg 300w, https:\/\/www.comunidadcalatayud.com\/wp-content\/uploads\/2018\/03\/AEDL-LOGO-AZUL-JPEG-150x150.jpg 150w, https:\/\/www.comunidadcalatayud.com\/wp-content\/uploads\/2018\/03\/AEDL-LOGO-AZUL-JPEG.jpg 500w, https:\/\/www.comunidadcalatayud.com\/wp-content\/uploads\/2018\/03\/AEDL-LOGO-AZUL-JPEG-480x480.jpg 480w\" sizes=\"auto, (max-width: 401px) 100vw, 401px\" \/><\/p>\n<p>Plaza de la Comunidad N\u00ba 1,\u00a0 50.300 Calatayud<\/p>\n<p>Tlf.: 976 883075\u00a0\u00a0\u00a0 Ext. 49<\/p>\n<p><a href=\"&#109;&#x61;i&#x6c;t&#111;&#x3a;a&#x65;d&#x6c;&#64;&#99;&#x6f;m&#x75;n&#x69;&#x64;&#97;&#x64;c&#x61;l&#97;&#x74;a&#x79;u&#x64;.&#99;&#x6f;m\">&#x61;&#101;dl&#x40;&#x63;om&#x75;&#x6e;id&#x61;&#x64;&#99;a&#x6c;&#x61;&#116;a&#x79;&#x75;&#100;.&#x63;&#x6f;&#109;<\/a><\/p>\n<p>Facebook: @AEDLcomunidaddecalatayud<\/p>\n<p>&nbsp;<\/p>\n","protected":false},"excerpt":{"rendered":"<p class=\"excerpt\">\u00bfQU\u00c9 ES LA AGENCIA DE EMPLEO Y DESARROLLO LOCAL?\u00a0 La Agencia de Empleo y Desarrollo Local es un servicio p\u00fablico y gratuito de la Comarca de la Comunidad de Calatayud, prestado en colaboraci\u00f3n con el Instituto Aragon\u00e9s de Empleo, que tiene como cometido apoyar e impulsar iniciativas que favorezcan el desarrollo y el crecimiento econ\u00f3mico [&hellip;]<\/p>\n","protected":false},"author":3,"featured_media":0,"parent":3873,"menu_order":3,"comment_status":"closed","ping_status":"closed","template":"","meta":{"footnotes":""},"class_list":["post-7681","page","type-page","status-publish","hentry"],"_links":{"self":[{"href":"https:\/\/www.comunidadcalatayud.com\/index.php\/wp-json\/wp\/v2\/pages\/7681","targetHints":{"allow":["GET"]}}],"collection":[{"href":"https:\/\/www.comunidadcalatayud.com\/index.php\/wp-json\/wp\/v2\/pages"}],"about":[{"href":"https:\/\/www.comunidadcalatayud.com\/index.php\/wp-json\/wp\/v2\/types\/page"}],"author":[{"embeddable":true,"href":"https:\/\/www.comunidadcalatayud.com\/index.php\/wp-json\/wp\/v2\/users\/3"}],"replies":[{"embeddable":true,"href":"https:\/\/www.comunidadcalatayud.com\/index.php\/wp-json\/wp\/v2\/comments?post=7681"}],"version-history":[{"count":23,"href":"https:\/\/www.comunidadcalatayud.com\/index.php\/wp-json\/wp\/v2\/pages\/7681\/revisions"}],"predecessor-version":[{"id":7998,"href":"https:\/\/www.comunidadcalatayud.com\/index.php\/wp-json\/wp\/v2\/pages\/7681\/revisions\/7998"}],"up":[{"embeddable":true,"href":"https:\/\/www.comunidadcalatayud.com\/index.php\/wp-json\/wp\/v2\/pages\/3873"}],"wp:attachment":[{"href":"https:\/\/www.comunidadcalatayud.com\/index.php\/wp-json\/wp\/v2\/media?parent=7681"}],"curies":[{"name":"wp","href":"https:\/\/api.w.org\/{rel}","templated":true}]}}

<p><strong>¿QUÉ ES LA AGENCIA DE EMPLEO Y DESARROLLO LOCAL?  <a href="http://www.comunidadcalatayud.com/wp-content/uploads/2018/09/0009-100418-Empleo_1-LR.pdf"><img loading="lazy" decoding="async" class="alignnone  wp-image-7996" src="http://www.comunidadcalatayud.com/wp-content/uploads/2018/09/índice.jpeg" alt="" width="33" height="31" /></a><br />
</strong></p>
<p>La Agencia de Empleo y Desarrollo Local es un <strong>servicio público y gratuito</strong> de la Comarca de la Comunidad de Calatayud, prestado en colaboración con el Instituto Aragonés de Empleo, que tiene como cometido apoyar e impulsar iniciativas que favorezcan el desarrollo y el crecimiento económico y social de nuestro territorio.</p>
<p>Tiene además como objetivo, colaborar en la promoción e implantación de las políticas activas de empleo que faciliten la generación y consolidación  del  empleo, y así, propiciar la  mejora  de la economía y la calidad de vida de los ciudadanos de toda la Comarca.</p>
<p>La Agencia de Empleo y Desarrollo local es un foro de encuentro de las distintas administraciones, instituciones, organismos, y demás agentes locales, cuya misión es generar y apoyar proyectos, y gestionar de manera eficiente, los recursos disponibles en materia de empleo y desarrollo local.</p>
<p>&nbsp;</p>
<p><strong>¿QUÉ OFRECE?</strong></p>
<ul>
<li>Asesoramiento a<strong> personas emprendedoras</strong>, enfoque del proyecto y acompañamiento técnico en la iniciación. Información sobre formas jurídicas, gestiones y trámites de constitución, legislación específica, bonificaciones, búsqueda y tramitación de <strong>Ayudas y Subvenciones públicas y privadas, y formas de financiación.</strong></li>
<li>Acompañamiento a las <strong>empresas</strong> en la ampliación o mejora de su proyecto empresarial. Contratación y selección de personal, ayudas y subvenciones, permisos, formación, suelo industrial. Fomento de la <strong>actividad empresarial</strong> en la Comarca.</li>
<li>Cooperación en proyectos de ámbito comarcal y local vinculados al <strong>desarrollo y la creación de empleo. </strong>Colaboración y coordinación con el resto de agentes sociales en la puesta en marcha de proyectos de desarrollo territorial.</li>
<li>Apoyo a los Ayuntamientos, instituciones y organismos en la creación y promoción de <strong>proyectos de interés socioeconómico</strong> para el territorio.</li>
<li>Dinamización de los <strong>recursos turísticos</strong> de la Comarca. Puesta en valor de los recursos existentes, y recuperación e incorporación de recursos infrautilizados del territorio. Colaboración y apoyo a proyectos turísticos locales.</li>
<li>Detección de <strong>necesidades formativas,</strong> orientando los programas a la consolidación del empleo y a la mejora de inserción laboral.</li>
</ul>
<p>&nbsp;</p>
<p><strong>¿CÓMO CONTACTO?</strong></p>
<p>AGENCIA DE EMPLEO Y DESARROLLO LOCAL</p>
<p>Comarca de la Comunidad de Calatayud</p>
<p><img loading="lazy" decoding="async" class="wp-image-7765 alignright" src="http://www.comunidadcalatayud.com/wp-content/uploads/2018/03/AEDL-LOGO-AZUL-JPEG-300x300.jpg" alt="" width="401" height="401" srcset="https://www.comunidadcalatayud.com/wp-content/uploads/2018/03/AEDL-LOGO-AZUL-JPEG-300x300.jpg 300w, https://www.comunidadcalatayud.com/wp-content/uploads/2018/03/AEDL-LOGO-AZUL-JPEG-150x150.jpg 150w, https://www.comunidadcalatayud.com/wp-content/uploads/2018/03/AEDL-LOGO-AZUL-JPEG.jpg 500w, https://www.comunidadcalatayud.com/wp-content/uploads/2018/03/AEDL-LOGO-AZUL-JPEG-480x480.jpg 480w" sizes="auto, (max-width: 401px) 100vw, 401px" /></p>
<p>Plaza de la Comunidad Nº 1,  50.300 Calatayud</p>
<p>Tlf.: 976 883075    Ext. 49</p>
<p><a href="&#109;&#x61;i&#x6c;t&#111;&#x3a;a&#x65;d&#x6c;&#64;&#99;&#x6f;m&#x75;n&#x69;&#x64;&#97;&#x64;c&#x61;l&#97;&#x74;a&#x79;u&#x64;.&#99;&#x6f;m">&#x61;&#101;dl&#x40;&#x63;om&#x75;&#x6e;id&#x61;&#x64;&#99;a&#x6c;&#x61;&#116;a&#x79;&#x75;&#100;.&#x63;&#x6f;&#109;</a></p>
<p>Facebook: @AEDLcomunidaddecalatayud</p>
<p>&nbsp;</p>

<p class="excerpt">¿QUÉ ES LA AGENCIA DE EMPLEO Y DESARROLLO LOCAL?  La Agencia de Empleo y Desarrollo Local es un servicio público y gratuito de la Comarca de la Comunidad de Calatayud, prestado en colaboración con el Instituto Aragonés de Empleo, que tiene como cometido apoyar e impulsar iniciativas que favorezcan el desarrollo y el crecimiento económico [&hellip;]</p>
