{"id":2935,"date":"2017-09-07T11:54:00","date_gmt":"2017-09-07T11:54:00","guid":{"rendered":"http:\/\/www.comunidadcalatayud.com\/?page_id=2935"},"modified":"2025-07-21T06:39:34","modified_gmt":"2025-07-21T06:39:34","slug":"areas","status":"publish","type":"page","link":"https:\/\/www.comunidadcalatayud.com\/index.php\/areas\/","title":{"rendered":"\u00c1reas"},"content":{"rendered":"<p>\u00c1reas<br \/>\n\t\t\t\t\t\t\t\t\t\t\t\t\t\t\t\t\t\t\t\t\t\tEstas son las \u00c1reas que gestiona la Comarca de la Comunidad de Calatayud\t\t\t\t\t\t\t\t\t\t\t\t\t<\/p>\n<p><a href=\"https:\/\/www.comunidadcalatayud.com\/index.php\/areas\/accion-social\/\"><br \/>\n\t\t\t\t\t\t\t\t\t\t\t\t\t\t\t\t\t\t\t\t\t\t\t\t\t\t\t\t\tAcci\u00f3n Social\t\t\t\t\t\t\t\t\t\t\t\t\t\t\t\t\t\t\t\t\t\t\t\t\t\t\t\t\t<\/a><\/p>\n<p>Son servicios p\u00fablicos de car\u00e1cter polivalente y comunitario, cuya organizaci\u00f3n y personal est\u00e1n al servicio de toda la poblaci\u00f3n.<br \/>\n\t\t\t\t\t\t\t\t\t\t\t\t\t\t\t\t\t\t\t\t\t\t\t\t\t\t\t\t\t\t\t\t\t\t\t\t\t<a href=\"https:\/\/www.comunidadcalatayud.com\/index.php\/areas\/accion-social\/\"><br \/>\n\t\t\t\t\t\t\t\t\t\t\t\t\t\tM\u00e1s informaci\u00f3n\t\t\t\t\t\t\t\t\t\t\t\t\t<\/a><\/p>\n<p><a href=\"https:\/\/www.comunidadcalatayud.com\/index.php\/areas\/cultura\/\"><br \/>\n\t\t\t\t\t\t\t\t\t\t\t\t\t\t\t\t\t\t\t\t\t\t\t\t\t\t\t\t\tCultura\t\t\t\t\t\t\t\t\t\t\t\t\t\t\t\t\t\t\t\t\t\t\t\t\t\t\t\t\t<\/a><\/p>\n<p>La Comarca de la Comunidad de Calatayud pretende dinamizar las actividades culturales en todos sus municipios<br \/>\n\t\t\t\t\t\t\t\t\t\t\t\t\t\t\t\t\t\t\t\t\t\t\t\t\t\t\t\t\t\t\t\t\t\t\t\t\t<a href=\"https:\/\/www.comunidadcalatayud.com\/index.php\/areas\/cultura\/\"><br \/>\n\t\t\t\t\t\t\t\t\t\t\t\t\t\tM\u00e1s informaci\u00f3n\t\t\t\t\t\t\t\t\t\t\t\t\t<\/a><\/p>\n<p><a href=\"https:\/\/www.comunidadcalatayud.com\/index.php\/areas\/deportes\/\"><br \/>\n\t\t\t\t\t\t\t\t\t\t\t\t\t\t\t\t\t\t\t\t\t\t\t\t\t\t\t\t\tDeportes\t\t\t\t\t\t\t\t\t\t\t\t\t\t\t\t\t\t\t\t\t\t\t\t\t\t\t\t\t<\/a><\/p>\n<p>Desde la Comarca se pretende fomentar el deporte entre sus habitantes con distintas actuaciones<br \/>\n\t\t\t\t\t\t\t\t\t\t\t\t\t\t\t\t\t\t\t\t\t\t\t\t\t\t\t\t\t\t\t\t\t\t\t\t\t<a href=\"https:\/\/www.comunidadcalatayud.com\/index.php\/areas\/deportes\/\"><br \/>\n\t\t\t\t\t\t\t\t\t\t\t\t\t\tM\u00e1s informaci\u00f3n\t\t\t\t\t\t\t\t\t\t\t\t\t<\/a><\/p>\n<p><a href=\"https:\/\/www.comunidadcalatayud.com\/index.php\/areas\/medio-ambiente\/\"><br \/>\n\t\t\t\t\t\t\t\t\t\t\t\t\t\t\t\t\t\t\t\t\t\t\t\t\t\t\t\t\tMedio Ambiente\t\t\t\t\t\t\t\t\t\t\t\t\t\t\t\t\t\t\t\t\t\t\t\t\t\t\t\t\t<\/a><\/p>\n<p>Desde el \u00c1rea de Medio Ambiente de la Comarca de la Comunidad de Calatayud se gestionan varias competencias<br \/>\n\t\t\t\t\t\t\t\t\t\t\t\t\t\t\t\t\t\t\t\t\t\t\t\t\t\t\t\t\t\t\t\t\t\t\t\t\t<a href=\"https:\/\/www.comunidadcalatayud.com\/index.php\/areas\/medio-ambiente\/\"><br \/>\n\t\t\t\t\t\t\t\t\t\t\t\t\t\tM\u00e1s informaci\u00f3n\t\t\t\t\t\t\t\t\t\t\t\t\t<\/a><\/p>\n<p><a href=\"https:\/\/www.comunidadcalatayud.com\/index.php\/areas\/proteccion-civil\/\"><br \/>\n\t\t\t\t\t\t\t\t\t\t\t\t\t\t\t\t\t\t\t\t\t\t\t\t\t\t\t\t\tProtecci\u00f3n Civil\t\t\t\t\t\t\t\t\t\t\t\t\t\t\t\t\t\t\t\t\t\t\t\t\t\t\t\t\t<\/a><\/p>\n<p>Son diversas las campa\u00f1as que se llevan a cabo desde la Comarca en el desempe\u00f1o de sus competencias en Protecci\u00f3n Civil<br \/>\n\t\t\t\t\t\t\t\t\t\t\t\t\t\t\t\t\t\t\t\t\t\t\t\t\t\t\t\t\t\t\t\t\t\t\t\t\t<a href=\"https:\/\/www.comunidadcalatayud.com\/index.php\/areas\/proteccion-civil\/\"><br \/>\n\t\t\t\t\t\t\t\t\t\t\t\t\t\tM\u00e1s informaci\u00f3n\t\t\t\t\t\t\t\t\t\t\t\t\t<\/a><\/p>\n<p><a href=\"https:\/\/www.comunidadcalatayud.com\/index.php\/areas\/turismo\/\"><br \/>\n\t\t\t\t\t\t\t\t\t\t\t\t\t\t\t\t\t\t\t\t\t\t\t\t\t\t\t\t\tTurismo\t\t\t\t\t\t\t\t\t\t\t\t\t\t\t\t\t\t\t\t\t\t\t\t\t\t\t\t\t<\/a><\/p>\n<p>La Comarca ejerce una serie de competencias tur\u00edsticas que afectan al ejercicio de ciertas actividades empresariales<br \/>\n\t\t\t\t\t\t\t\t\t\t\t\t\t\t\t\t\t\t\t\t\t\t\t\t\t\t\t\t\t\t\t\t\t\t\t\t\t<a href=\"https:\/\/www.comunidadcalatayud.com\/index.php\/areas\/turismo\/\"><br \/>\n\t\t\t\t\t\t\t\t\t\t\t\t\t\tM\u00e1s informaci\u00f3n\t\t\t\t\t\t\t\t\t\t\t\t\t<\/a><\/p>\n<p><a href=\"https:\/\/www.comunidadcalatayud.com\/index.php\/areas\/juventud\/\"><br \/>\n\t\t\t\t\t\t\t\t\t\t\t\t\t\t\t\t\t\t\t\t\t\t\t\t\t\t\t\t\tJuventud\t\t\t\t\t\t\t\t\t\t\t\t\t\t\t\t\t\t\t\t\t\t\t\t\t\t\t\t\t<\/a><\/p>\n<p>Desde el \u00c1rea Juventud de la Comarca de la Comunidad de Calatayud se gestionan varias competencias<br \/>\n\t\t\t\t\t\t\t\t\t\t\t\t\t\t\t\t\t\t\t\t\t\t\t\t\t\t\t\t\t\t\t\t\t\t\t\t\t<a href=\"https:\/\/www.comunidadcalatayud.com\/index.php\/areas\/juventud\/\"><br \/>\n\t\t\t\t\t\t\t\t\t\t\t\t\t\tM\u00e1s informaci\u00f3n\t\t\t\t\t\t\t\t\t\t\t\t\t<\/a><\/p>\n<p><!-- \/row --><\/p>\n","protected":false},"excerpt":{"rendered":"<p class=\"excerpt\">\u00c1reas Estas son las \u00c1reas que gestiona la Comarca de la Comunidad de Calatayud Acci\u00f3n Social Son servicios p\u00fablicos de car\u00e1cter polivalente y comunitario, cuya organizaci\u00f3n y personal est\u00e1n al servicio de toda la poblaci\u00f3n. M\u00e1s informaci\u00f3n Cultura La Comarca de la Comunidad de Calatayud pretende dinamizar las actividades culturales en todos sus municipios M\u00e1s [&hellip;]<\/p>\n","protected":false},"author":1,"featured_media":0,"parent":0,"menu_order":3,"comment_status":"closed","ping_status":"closed","template":"builder.php","meta":{"footnotes":""},"class_list":["post-2935","page","type-page","status-publish","hentry"],"_links":{"self":[{"href":"https:\/\/www.comunidadcalatayud.com\/index.php\/wp-json\/wp\/v2\/pages\/2935","targetHints":{"allow":["GET"]}}],"collection":[{"href":"https:\/\/www.comunidadcalatayud.com\/index.php\/wp-json\/wp\/v2\/pages"}],"about":[{"href":"https:\/\/www.comunidadcalatayud.com\/index.php\/wp-json\/wp\/v2\/types\/page"}],"author":[{"embeddable":true,"href":"https:\/\/www.comunidadcalatayud.com\/index.php\/wp-json\/wp\/v2\/users\/1"}],"replies":[{"embeddable":true,"href":"https:\/\/www.comunidadcalatayud.com\/index.php\/wp-json\/wp\/v2\/comments?post=2935"}],"version-history":[{"count":543,"href":"https:\/\/www.comunidadcalatayud.com\/index.php\/wp-json\/wp\/v2\/pages\/2935\/revisions"}],"predecessor-version":[{"id":10192,"href":"https:\/\/www.comunidadcalatayud.com\/index.php\/wp-json\/wp\/v2\/pages\/2935\/revisions\/10192"}],"wp:attachment":[{"href":"https:\/\/www.comunidadcalatayud.com\/index.php\/wp-json\/wp\/v2\/media?parent=2935"}],"curies":[{"name":"wp","href":"https:\/\/api.w.org\/{rel}","templated":true}]}}

Áreas

<p>Áreas<br />
																						Estas son las Áreas que gestiona la Comarca de la Comunidad de Calatayud													</p>
<p><a href="https://www.comunidadcalatayud.com/index.php/areas/accion-social/"><br />
																													Acción Social																													</a></p>
<p>Son servicios públicos de carácter polivalente y comunitario, cuya organización y personal están al servicio de toda la población.<br />
																																					<a href="https://www.comunidadcalatayud.com/index.php/areas/accion-social/"><br />
														Más información													</a></p>
<p><a href="https://www.comunidadcalatayud.com/index.php/areas/cultura/"><br />
																													Cultura																													</a></p>
<p>La Comarca de la Comunidad de Calatayud pretende dinamizar las actividades culturales en todos sus municipios<br />
																																					<a href="https://www.comunidadcalatayud.com/index.php/areas/cultura/"><br />
														Más información													</a></p>
<p><a href="https://www.comunidadcalatayud.com/index.php/areas/deportes/"><br />
																													Deportes																													</a></p>
<p>Desde la Comarca se pretende fomentar el deporte entre sus habitantes con distintas actuaciones<br />
																																					<a href="https://www.comunidadcalatayud.com/index.php/areas/deportes/"><br />
														Más información													</a></p>
<p><a href="https://www.comunidadcalatayud.com/index.php/areas/medio-ambiente/"><br />
																													Medio Ambiente																													</a></p>
<p>Desde el Área de Medio Ambiente de la Comarca de la Comunidad de Calatayud se gestionan varias competencias<br />
																																					<a href="https://www.comunidadcalatayud.com/index.php/areas/medio-ambiente/"><br />
														Más información													</a></p>
<p><a href="https://www.comunidadcalatayud.com/index.php/areas/proteccion-civil/"><br />
																													Protección Civil																													</a></p>
<p>Son diversas las campañas que se llevan a cabo desde la Comarca en el desempeño de sus competencias en Protección Civil<br />
																																					<a href="https://www.comunidadcalatayud.com/index.php/areas/proteccion-civil/"><br />
														Más información													</a></p>
<p><a href="https://www.comunidadcalatayud.com/index.php/areas/turismo/"><br />
																													Turismo																													</a></p>
<p>La Comarca ejerce una serie de competencias turísticas que afectan al ejercicio de ciertas actividades empresariales<br />
																																					<a href="https://www.comunidadcalatayud.com/index.php/areas/turismo/"><br />
														Más información													</a></p>
<p><a href="https://www.comunidadcalatayud.com/index.php/areas/juventud/"><br />
																													Juventud																													</a></p>
<p>Desde el Área Juventud de la Comarca de la Comunidad de Calatayud se gestionan varias competencias<br />
																																					<a href="https://www.comunidadcalatayud.com/index.php/areas/juventud/"><br />
														Más información													</a></p>
<p><!-- /row --></p>

<p class="excerpt">Áreas Estas son las Áreas que gestiona la Comarca de la Comunidad de Calatayud Acción Social Son servicios públicos de carácter polivalente y comunitario, cuya organización y personal están al servicio de toda la población. Más información Cultura La Comarca de la Comunidad de Calatayud pretende dinamizar las actividades culturales en todos sus municipios Más [&hellip;]</p>
