{"id":2784,"date":"2017-09-06T10:08:36","date_gmt":"2017-09-06T10:08:36","guid":{"rendered":"http:\/\/www.comunidadcalatayud.com\/?page_id=2784"},"modified":"2023-11-13T09:33:44","modified_gmt":"2023-11-13T09:33:44","slug":"pp","status":"publish","type":"page","link":"https:\/\/www.comunidadcalatayud.com\/index.php\/comarca\/consejo\/pp\/","title":{"rendered":"PP"},"content":{"rendered":"<div class=\"grid\">\n<article class=\"column span-9\">\n<ol>\n<li>Tania Pr\u00e1danos Cig\u00fcela<\/li>\n<li>Fernando Jos\u00e9 Duce Borao<\/li>\n<li>Miguel \u00c1ngel Polo L\u00f3pez<\/li>\n<li>Jos\u00e9 Vidal Casado Pomareta<\/li>\n<li>H\u00e9ctor Sarri\u00e1 Moya<\/li>\n<li>Miguel \u00c1ngel Gimeno Garc\u00eda<\/li>\n<li>Raquel L\u00f3pez Grima<\/li>\n<li>Elisabeth S\u00e1nchez Guzm\u00e1n<\/li>\n<li>Luis Miguel Delgado Gracia<\/li>\n<li>Cecilio Roy Enguita<\/li>\n<li>Rosana Perruca Remartinez<\/li>\n<li>Mar\u00eda Carmen Hern\u00e1ndez Moros<\/li>\n<li>Carlos Sinus\u00eda Lafuente<\/li>\n<li>Jos\u00e9 Ignacio Marcuello Casorr\u00e1n<\/li>\n<li>Tom\u00e1s Jos\u00e9 Escribano Serrano<\/li>\n<li>Leonardo Baquedano Herrero<\/li>\n<\/ol>\n<\/article>\n<div class=\"column span-3 pull-right sidebar\">\n<!-- Widget Shortcode --><div id=\"nav_menu-3\" class=\"widget widget_nav_menu widget-shortcode area-otw-sidebar-1 \"><h2 class=\"widgettitle\">Comarca<\/h2><div class=\"menu-menu-comarca-container\"><ul id=\"menu-menu-comarca\" class=\"menu\"><li id=\"menu-item-2727\" class=\"menu-item menu-item-type-post_type menu-item-object-page menu-item-2727\"><a href=\"https:\/\/www.comunidadcalatayud.com\/index.php\/comarca\/\">La Instituci\u00f3n de La Comarca<\/a><\/li>\n<li id=\"menu-item-2769\" class=\"menu-item menu-item-type-post_type menu-item-object-page menu-item-2769\"><a href=\"https:\/\/www.comunidadcalatayud.com\/index.php\/comarca\/saludo\/\">Saludo del Presidente<\/a><\/li>\n<li id=\"menu-item-2821\" class=\"menu-item menu-item-type-post_type menu-item-object-page menu-item-2821\"><a href=\"https:\/\/www.comunidadcalatayud.com\/index.php\/comarca\/consejo\/\">Consejo<\/a><\/li>\n<li id=\"menu-item-2820\" class=\"menu-item menu-item-type-post_type menu-item-object-page menu-item-2820\"><a href=\"https:\/\/www.comunidadcalatayud.com\/index.php\/comarca\/comision-de-gobierno\/\">Comisi\u00f3n de Gobierno<\/a><\/li>\n<li id=\"menu-item-2864\" class=\"menu-item menu-item-type-post_type menu-item-object-page menu-item-2864\"><a href=\"https:\/\/www.comunidadcalatayud.com\/index.php\/comarca\/comisiones-informativas\/\">Comisiones Informativas<\/a><\/li>\n<li id=\"menu-item-3578\" class=\"menu-item menu-item-type-post_type menu-item-object-page menu-item-3578\"><a href=\"https:\/\/www.comunidadcalatayud.com\/index.php\/areas\/\">\u00c1reas<\/a><\/li>\n<li id=\"menu-item-2863\" class=\"menu-item menu-item-type-post_type menu-item-object-page menu-item-2863\"><a href=\"https:\/\/www.comunidadcalatayud.com\/index.php\/comarca\/normativa\/\">Normativa<\/a><\/li>\n<li id=\"menu-item-4650\" class=\"menu-item menu-item-type-post_type menu-item-object-page menu-item-4650\"><a href=\"https:\/\/www.comunidadcalatayud.com\/index.php\/comarca\/telefonos-de-interes\/\">Tel\u00e9fonos de inter\u00e9s<\/a><\/li>\n<\/ul><\/div><\/div><!-- \/Widget Shortcode -->\n<\/div>\n<\/div>\n","protected":false},"excerpt":{"rendered":"<p class=\"excerpt\">Tania Pr\u00e1danos Cig\u00fcela Fernando Jos\u00e9 Duce Borao Miguel \u00c1ngel Polo L\u00f3pez Jos\u00e9 Vidal Casado Pomareta H\u00e9ctor Sarri\u00e1 Moya Miguel \u00c1ngel Gimeno Garc\u00eda Raquel L\u00f3pez Grima Elisabeth S\u00e1nchez Guzm\u00e1n Luis Miguel Delgado Gracia Cecilio Roy Enguita Rosana Perruca Remartinez Mar\u00eda Carmen Hern\u00e1ndez Moros Carlos Sinus\u00eda Lafuente Jos\u00e9 Ignacio Marcuello Casorr\u00e1n Tom\u00e1s Jos\u00e9 Escribano Serrano Leonardo Baquedano [&hellip;]<\/p>\n","protected":false},"author":1,"featured_media":0,"parent":2776,"menu_order":1,"comment_status":"closed","ping_status":"closed","template":"","meta":{"footnotes":""},"class_list":["post-2784","page","type-page","status-publish","hentry"],"_links":{"self":[{"href":"https:\/\/www.comunidadcalatayud.com\/index.php\/wp-json\/wp\/v2\/pages\/2784","targetHints":{"allow":["GET"]}}],"collection":[{"href":"https:\/\/www.comunidadcalatayud.com\/index.php\/wp-json\/wp\/v2\/pages"}],"about":[{"href":"https:\/\/www.comunidadcalatayud.com\/index.php\/wp-json\/wp\/v2\/types\/page"}],"author":[{"embeddable":true,"href":"https:\/\/www.comunidadcalatayud.com\/index.php\/wp-json\/wp\/v2\/users\/1"}],"replies":[{"embeddable":true,"href":"https:\/\/www.comunidadcalatayud.com\/index.php\/wp-json\/wp\/v2\/comments?post=2784"}],"version-history":[{"count":7,"href":"https:\/\/www.comunidadcalatayud.com\/index.php\/wp-json\/wp\/v2\/pages\/2784\/revisions"}],"predecessor-version":[{"id":9613,"href":"https:\/\/www.comunidadcalatayud.com\/index.php\/wp-json\/wp\/v2\/pages\/2784\/revisions\/9613"}],"up":[{"embeddable":true,"href":"https:\/\/www.comunidadcalatayud.com\/index.php\/wp-json\/wp\/v2\/pages\/2776"}],"wp:attachment":[{"href":"https:\/\/www.comunidadcalatayud.com\/index.php\/wp-json\/wp\/v2\/media?parent=2784"}],"curies":[{"name":"wp","href":"https:\/\/api.w.org\/{rel}","templated":true}]}}